f(p). Suppose k*w = 32 - 8. What is the tens digit of w?
1
Suppose 0 = 2*l - 4*w - 14, -4*l - 4*w = -2*w - 18. Let i(q) = 5*q + 24. What is the tens digit of i(l)?
4
Let k(d) = 2*d**3 - 28*d**2 - d + 4. Let x be k(14). What is the tens digit of (0 + 335/x)*-6?
0
Let p(a) = 4*a - 15. Let b be p(-11). Let k = 102 + b. What is the tens digit of k?
4
Let t(c) = c**2 + 29*c + 110. What is the tens digit of t(-38)?
5
Suppose -5*h - 4*s = -10529, -2*h + 1585 + 2641 = -2*s. What is the hundreds digit of h?
1
Let j(k) = k**2 + 10*k + 43. Let g be j(-6). Suppose 0 = -3*i + 6*t - 2*t - 30, -21 = 3*i - t. Let h = i + g. What is the tens digit of h?
1
Let r(f) = f - 3. Let t be r(8). Suppose -20 = -t*w, -5*w + 506 = g + 2*g. Suppose -5*s + g = s. What is the units digit of s?
7
Let z be (4*1)/(-3 - -2). Let b(y) = -9*y - 5. Let w be b(-1). What is the units digit of 9 + (0 - w - z)?
9
Suppose 590 = 4*s - 0*s - 2*b, 2*s - 3*b = 301. What is the tens digit of s?
4
Suppose 39021 - 192981 = -40*j. What is the thousands digit of j?
3
Suppose -5*w = -w - 8. Suppose 3 = -w*z + 5*z. What is the tens digit of z - ((0 - 0) + -13)?
1
Suppose -t + 0 = v - 5, t + 15 = 4*v. What is the units digit of v - 3*3/9?
3
Let i(r) = 152*r**3 + 5*r**2 + r - 7. What is the units digit of i(2)?
1
Let d = 2778 + -912. What is the thousands digit of d?
1
Suppose -14 = 5*d + 6. What is the units digit of d/16 + (-1182)/(-24)?
9
Let b = -67 + 12. Let a = b - -103. Suppose -3*s + s + a = 0. What is the tens digit of s?
2
Suppose -5*f - 32 = -3*d, 0*f - 46 = -4*d + 5*f. Suppose -11*q = -d*q + 279. What is the tens digit of q?
9
Let r(h) = 18*h + 92. What is the units digit of r(21)?
0
What is the tens digit of (-1730)/(-4) + 12/(-120)*-5?
3
Suppose 41 = -i - 20. Let s = -10 - i. What is the tens digit of s?
5
Let z(t) = -9*t - 9. Let a be z(10). Let l be (2/3)/((-6)/a). Suppose 2*b - 65 = l. What is the tens digit of b?
3
Suppose 0 = 5*j - t - 1470, 3*j - 5*j - 4*t = -588. Suppose -3*o + j = 4*r, -4*o = -2*o + 5*r - 196. What is the tens digit of o?
9
Let t = 29 - -945. What is the hundreds digit of t?
9
Suppose 112112 = -38*x + 87*x. What is the units digit of x?
8
Let k(d) = 17*d**2 - 11*d - 80. What is the tens digit of k(-7)?
3
Let r(p) = 117*p**3 - p**2 + 2*p - 7. What is the units digit of r(2)?
9
Let g be -1 - ((-2 - -2) + -4). Suppose g*z - 5 = 2*z. Suppose 5*b + 9 = 2*m + 124, -5*m - 130 = -z*b. What is the units digit of b?
1
Let k(j) = 48*j - 80. What is the units digit of k(9)?
2
What is the units digit of -3 - (-434 - (12 + 1 + -6))?
8
Let c = 84 - 78. Suppose 36 = c*n + 3*n. What is the units digit of n?
4
Let o(k) = 21*k**2 - 3*k + 9. Suppose -2*j + 11 = 7. What is the tens digit of o(j)?
8
What is the units digit of 3 + 0 + 547 - -4?
4
Let c = -9 + 17. Suppose 6*w - c*w - 116 = 0. Let j = 85 + w. What is the units digit of j?
7
Suppose 44 + 27 = c + 2*o, 3*c - 213 = -4*o. Let l = -13 + c. What is the units digit of l?
8
Suppose -2*d = 4*d. What is the units digit of (-3 + d)/(1/(-21) + 0)?
3
Let d(u) = 3*u**2 - 2*u + 1. Let g be d(-2). Let m = -9 + g. What is the units digit of m?
8
Let v(y) be the first derivative of y**4/4 - 4*y**3/3 - 3*y**2/2 - y + 2. Let d = -4 - -10. What is the tens digit of v(d)?
5
Suppose 2*d + 16 = 6. Let f be -3 + 3 - 153 - -3. What is the units digit of 16/10*f/d?
8
Suppose 4*i = 3*w - 272 - 188, 458 = 3*w - 2*i. What is the units digit of w?
2
Suppose -4*h - 16 = -176. Suppose h = 4*p - 8*p. Let b = -7 - p. What is the units digit of b?
3
Suppose 5*d = 6*d - 5. Suppose d*q = 8*q - 3. What is the tens digit of -2*q - 52/(-1)?
5
Let d(g) = 3*g + 2. Let x be d(-2). Let q be 2 + (-1 - (x + 2)). Suppose q*w = -w + 60. What is the units digit of w?
5
Let c = 0 + 4. Suppose c*g - 609 = -177. What is the units digit of (-70)/(-15)*g/14?
6
Let a be (-189)/(-2)*10/45*6. Suppose -7*x = 28 - a. What is the units digit of x?
4
Suppose -15552 = -802*g + 794*g. What is the tens digit of g?
4
Let r(t) = -3*t - 2. Let h be r(-2). Suppose 345 = h*l - l. Suppose -v + n + 29 = 0, 5*n = -3*v + n + l. What is the units digit of v?
3
Let z = 295 - 49. What is the hundreds digit of 3 - 2 - (-12 - z)?
2
What is the thousands digit of 3 - 5 - -2894 - 4?
2
Let h(u) = u**2 + 2*u - 6. Let k be h(-9). Suppose 0 - 8 = -2*x, 0 = -5*o + 2*x + k. What is the units digit of (o/2)/(4/24)?
9
Suppose 0 = b - 109 - 119. Let w = -128 + b. Suppose -h - u + 2*u + 38 = 0, -4*u + w = 2*h. What is the tens digit of h?
4
Suppose 0*j - 5*j + 160 = 0. Suppose -5*l - 18 = j. What is the units digit of 336/10 + (-4)/l?
4
Let s(y) be the second derivative of -y**4/12 + y**3/6 + 13*y**2 - 8*y. Let l be s(0). Let n = l + -22. What is the units digit of n?
4
Let b be 5 + 5 + (8 - 6). Suppose 4*a - 35 = -5*s, -2*s + 3*a + 2*a = 19. What is the units digit of (52/16)/(s/b)?
3
Let v(t) = t**2 - 4*t - 7. Suppose 4*a - 20 = 2*a. What is the tens digit of v(a)?
5
Let m(w) = 4*w**3 - w**2 - w. Let y(p) = 2*p + 11. Let v be y(-6). Let z be m(v). What is the units digit of (-14)/4*z/14?
1
Suppose 0*f + 2*f = -192. Let j = f - -136. Suppose m = 5*m - j. What is the tens digit of m?
1
Let o be 3/((30/(-5))/(-186)). Let y = -65 + o. What is the tens digit of y?
2
Suppose 0 = t - k - 1023, k = -3*k - 8. What is the units digit of t?
1
Let y(z) = -z**3 - 13*z**2 + 11*z - 4. Let o be y(-12). Let g = o + 438. What is the units digit of g?
8
Let o be (6/3 + -2)/(-2). Suppose -h + 44 = -o*h. What is the tens digit of h?
4
What is the hundreds digit of (51/21 + -2)*7861?
3
What is the hundreds digit of (-39)/15 - -3 - (-19126)/10?
9
Suppose 71 = 5*f + 36. What is the units digit of 96 + 7 + f - (-3 - 1)?
4
Let d be ((-3)/(-5) + (9 - 10))*-5. Let q(j) = -j - 1. Let y be q(-2). Suppose z + y = d*z. What is the units digit of z?
1
Suppose -3*g = -7*g + 48. Let c = g + 8. Suppose -c = -l + 14. What is the tens digit of l?
3
Let a(q) = 226*q - 120. What is the hundreds digit of a(4)?
7
Let g = 176 + -56. Suppose 4*j - 124 - g = 0. What is the tens digit of j?
6
Suppose 0*k = 4*k - 16. Suppose u + 506 = 4*g, -k*u = -4*g - 62 + 562. What is the hundreds digit of g?
1
Suppose 5*q - 7 - 3 = 0. Suppose 5*u + 2*t - 16 = 35, q*t = 3*u - 21. Let p = u - -1. What is the tens digit of p?
1
Suppose 5*b - 2*b + 3 = 0. Let f = b - 9. What is the units digit of 8/f*(-75)/10?
6
Let x(v) = -v**2 + 9*v + 2. Let m(g) = g**2 - 1. Let i(o) = 2*m(o) + x(o). Let q be i(-7). Let n = q + 42. What is the units digit of n?
8
Let l(f) = 35*f - 66. What is the hundreds digit of l(8)?
2
Let o = 549 + -276. What is the hundreds digit of o?
2
Suppose 20625 + 19650 = 15*v. What is the units digit of v?
5
Let p(h) = h**3 + 6*h**2 - h - 6. Let t be p(-6). Suppose t = 4*v - 136. What is the units digit of v?
4
Let k(b) = -19*b. Let n be -1 + (0 + 1)*-1. Let t be k(n). Suppose -t = q - 2*q. What is the tens digit of q?
3
Let p(b) = -b**3 - 28*b**2 + 26*b + 48. What is the tens digit of p(-29)?
3
Let f be (-2)/(-3) - (-344)/(-12). Let c = 50 + f. What is the units digit of c?
2
Let s be 4/(-22) + (-444)/(-22) + -3. Let z = s + 8. What is the tens digit of z?
2
Let f(u) = -3*u + 22. Let k(n) = n - 7. Let y(r) = 6*f(r) + 17*k(r). What is the tens digit of y(-4)?
1
Let f be (-3)/(2 + -1) - -3. Suppose 4*s + s - 10 = f. What is the units digit of 115/9 - s/(-9)?
3
Let l = 1632 - 14. What is the hundreds digit of l?
6
Suppose 500 = 4*m + 5*c, -624 = -4*m + 5*c - 124. What is the tens digit of m?
2
Let s(u) = -495*u**3 + 4*u**2 + 4*u + 1. What is the hundreds digit of s(-1)?
4
Suppose 5*j - 39 - 21 = 0. Let l = -2 - -5. Let s = l + j. What is the tens digit of s?
1
Suppose 10 = 5*q, 13*q - 12*q - 4824 = -x. What is the tens digit of x?
2
Let p(z) = 11*z**2 - 49. Let h(d) = 5*d**2 - 25. Let j(a) = -13*h(a) + 6*p(a). Suppose 0 = -5*m + 2*k + 4, -m - 1 = -k - 3. What is the tens digit of j(m)?
3
Let n(b) = -2*b + 16. Let h be n(5). What is the units digit of ((-6)/9)/1*(h + -198)?
8
Let s(l) = 67*l**3 + 2*l**2 + l + 7. Let w(x) = -33*x**3 - x**2 - 3. Let u(r) = -2*s(r) - 5*w(r). Let z be (-3*1)/(-3) - 0. What is the units digit of u(z)?
1
What is the units digit of 6036/20 + -1*(-36)/(-45)?
1
Let s(a) = -a**2 + a - 1. Let c(q) = q**3 + 2*q**2 - 2*q - 9. Let y